 of w?
3, 7
Let a(j) = -47 + 16*j + j**3 + 11*j + 82 - 13*j**2 - 19. List the prime factors of a(13).
367
Suppose -184*p = -202*p + 89316. List the prime factors of p.
2, 3, 827
Let l = -606 - -3427. Suppose 15 = -3*i, 0*b + 5*i = 3*b - l. List the prime factors of b.
2, 233
Suppose 0 = h + 13613 - 18150. List the prime factors of h.
13, 349
Suppose -4*f - 3 + 7 = 0. What are the prime factors of ((-6)/1 - -41)*f?
5, 7
Let l = 4 + -6. Let b(u) = -5*u - 18. Let w be b(9). List the prime factors of 2/(l - 132/w).
3, 7
Suppose 3*m - 4*s + 2*s - 6 = 0, 0 = 5*m + 3*s - 29. Suppose -3*j - 7330 = -5*t, -4382 = t - m*t + 5*j. List the prime factors of t.
13, 113
Let d = -93 - 147. Let k = -436 - d. List the prime factors of (k/(-21))/(4/30).
2, 5, 7
Let b = -3647 + 52858. What are the prime factors of b?
49211
Let u(w) = -5*w + 9. Let n be u(4). Let c = n - -13. Suppose 3*t = 4*t + c*j - 110, 4*t - 490 = 2*j. List the prime factors of t.
2, 3, 5
Suppose -5*k + 26 = 3*i, i - 4*k + 10 = -k. Suppose -5*d - 4*g + 35 = -6*g, -i*g - 15 = -d. Suppose -481 + 6 = -d*l. List the prime factors of l.
5, 19
Let z = -50 - -53. Suppose -4*f + 4*k - z + 31 = 0, -4*k = -2*f + 8. List the prime factors of 0 + 1356/f + 6/(-10).
3, 5
Suppose 5*s + 160 = -15*s. Let y(d) = -42*d + 95. What are the prime factors of y(s)?
431
Suppose -172 = -54*x - 64. Suppose -2752 = -x*s - 2*k, -4*s + 1360 = -3*s + 5*k. List the prime factors of s.
2, 3, 5, 23
Let s = 159 - 141. Suppose -6192 + 25092 = s*k. What are the prime factors of k?
2, 3, 5, 7
Let p(h) = -12*h**3 + h + 1. Let v be p(-1). Suppose 5*b - 2*b - 9 = 0. What are the prime factors of (b - (-28)/v)*3?
2
Suppose -b - 491*q = -486*q - 16882, -b + 3*q + 16906 = 0. What are the prime factors of b?
61, 277
Suppose 2*f + 7293 = 5*t, -4363 = -3*t - 9*f + 7*f. Suppose -3*v = -2*m - t, -29*v = -26*v - 4*m - 1459. List the prime factors of v.
5, 97
Let b(v) = -29*v - 9. Let i(q) = q - 10. Let f be i(-4). List the prime factors of b(f).
397
Let n(f) = 10*f**3 + 3*f**2 - 61*f + 169. What are the prime factors of n(6)?
19, 109
Let m = -310 - -565. Let k be ((-47)/(-5) + 1)*30/(-3). Let g = k + m. List the prime factors of g.
151
Let h(a) be the third derivative of -49*a**4/24 + 17*a**3/6 + 168*a**2. List the prime factors of h(-13).
2, 3, 109
Let x(s) = s**2 + s - 2. Let w(k) = -5*k**2 + 26*k - 41. Let i(d) = -w(d) - 6*x(d). What are the prime factors of i(-29)?
2, 5, 7
List the prime factors of -268597*(-22)/308 + ((-3)/2)/(-3).
2, 53, 181
Suppose -20*s - 33696 = 16*s. Let f = -547 - s. List the prime factors of f.
389
Let z(i) = -i**3 + 32*i**2 - 29*i - 44. Let y be z(25). Let q = -2459 + y. List the prime factors of q.
31, 37
Let r(l) = -14*l - 14. Let k be r(1). List the prime factors of 1195 + k/7 + -1.
2, 5, 7, 17
Suppose 15*r - 203 = -83. Let f(o) = 9*o**2 - 17*o + 19. List the prime factors of f(r).
3, 17
Let o be 3 - 5 - (-95 + 15). List the prime factors of 3 + o/(-1)*-9.
3, 5, 47
Let r = -120 + 124. Suppose -13*i + 11*i = 2*k - 396, -4*k = r. List the prime factors of i.
199
Let g(r) = 6*r**2 + 115*r + 170. List the prime factors of g(40).
2, 3, 5, 479
Suppose 178*b - 179*b + 176 = 0. Let p = b + 756. List the prime factors of p.
2, 233
Let a(y) = 3659*y - 296. List the prime factors of a(14).
2, 5, 11, 463
Let u(j) = j - 1. Let x be u(5). Suppose 0 = x*q + 16 + 136. Let p = q - -137. List the prime factors of p.
3, 11
Let t = -208677 - -293805. What are the prime factors of t?
2, 3, 3547
Let c(d) = d**3 + 21*d**2 + 16*d + 8. Let k be c(-20). Let j = 85 - k. List the prime factors of (j - 69)*(-22)/8.
2, 3, 11
Suppose 1674 = -7*b - 2183. Let h = b + 1131. List the prime factors of h.
2, 5, 29
Let q be (-3 - -13)/((-2)/(-1)). What are the prime factors of ((-185)/15 + 9)*(-408)/q?
2, 17
Let k = 84136 + -41349. What are the prime factors of k?
42787
Let c = 105 - 125. List the prime factors of 5 + (-6)/3 + (c - -345).
2, 41
Let w be (60/5)/((-3)/15). List the prime factors of ((w/(-5))/(-4))/(9/(-1734)).
2, 17
Suppose 0 = -2*f - 4*q + 4424, -25*q + 6592 = 3*f - 30*q. List the prime factors of f.
2, 19, 29
Suppose -2*x + 3*k = 18 - 3, 3*x = -3*k + 15. Suppose x = -3*u + 5*u - g - 477, -5*u = 3*g - 1198. List the prime factors of u.
239
What are the prime factors of 1166277/342 + -1 + (-20)/(-24)?
2, 5, 11, 31
Suppose -45*o + 117798 + 65535 + 3642 = 0. What are the prime factors of o?
3, 5, 277
What are the prime factors of ((-44)/(-8) + -7)/(18/(-132180))?
5, 2203
Let p(m) = -m + 2. Let u be p(-6). Suppose 9*l - u*l = 275. List the prime factors of l.
5, 11
Let g(l) = 2670*l**2 + 21*l + 10. List the prime factors of g(1).
37, 73
Suppose 22*f = 26*f - 940. Let b = f - 59. List the prime factors of b.
2, 11
Let h = -355 - 277. Let g = h + 1177. List the prime factors of g.
5, 109
Let b = 7482 + -2162. What are the prime factors of b?
2, 5, 7, 19
Let k = -1662 - -2112. What are the prime factors of k?
2, 3, 5
Suppose -4*g + 4 = 0, -k + 5*g = 8*g + 2. What are the prime factors of ((-40)/k)/(1/118)?
2, 59
Let v = -59 - -335. Let i = v - 149. What are the prime factors of i?
127
What are the prime factors of 3*(123409/13)/11?
3, 863
Suppose 33*z = 42*z + 10449. Let s = 1752 + z. List the prime factors of s.
3, 197
Suppose -59270 = -2*z + 5*v, -7 = -2*v + 1. Suppose -z = -38*s + 11737. List the prime factors of s.
3, 11
Let r = 7922 - 21268. What are the prime factors of r/(-12) - 20/(-24)?
3, 7, 53
Let d(s) = 6468*s - 28. What are the prime factors of d(1)?
2, 5, 7, 23
Suppose -109535 = -83*q + 114731. What are the prime factors of q?
2, 7, 193
Let h(i) = -1359 + 703*i**3 - 2*i + 683 + 679. List the prime factors of h(1).
2, 11
Let c = 39961 - 19861. List the prime factors of c.
2, 3, 5, 67
Suppose -9*t + 23 = -13. List the prime factors of ((-13)/t)/(12943/(-2156) - -6).
7, 11, 13
Let j = 233 + 153. Let b = j + -136. List the prime factors of b.
2, 5
Let u be 4/(-6) - (-56)/(-6). Let t(y) be the second derivative of y**5/20 + 3*y**4/4 - 5*y**3/3 + 2*y**2 + 3*y - 27. What are the prime factors of t(u)?
2
Let p be 424/24 - (-1)/3. Let i = 19 - 37. Let c = p - i. What are the prime factors of c?
2, 3
Suppose 4*b = -2*b + 12. Suppose -10 = -o + 4*v, 12 = -o + 5*o - b*v. What are the prime factors of ((-1)/o)/((19/(-18))/19)?
3
Let g = 11251 - -5722. What are the prime factors of g?
11, 1543
Let n(v) = 2*v**2 - 5*v + 3*v - 3 - v**2. Let u be n(-2). Let y(k) = -k**2 + 5*k + 2. List the prime factors of y(u).
2
Let z = -71 - -73. Suppose 3*c = 4*x, -5*c = -0*x + z*x. Suppose -13*q + 9*q + 308 = x. List the prime factors of q.
7, 11
List the prime factors of 40530/7 - -3 - 1*(-5)/5.
2, 2897
Let p(b) = 3*b**2 + 82*b + 401. List the prime factors of p(-86).
3, 5179
Let g(c) be the second derivative of -c**2 + 1/2*c**3 + 1/6*c**4 - 16*c + 0. List the prime factors of g(1).
3
What are the prime factors of 1 + 2 + 6730 + 73?
2, 41, 83
Let z(j) = 3*j**3 - 12*j**2 - 25*j - 9. Let f(r) = -8*r**3 + 36*r**2 + 76*r + 28. Let l(q) = -4*f(q) - 11*z(q). What are the prime factors of l(-9)?
5
Let f be (-5)/(-15) + 21/(-9) + -2. Let p be (1405/(-10) - f)*8/(-3). List the prime factors of 2/(8/p) + 2/1.
3, 31
What are the prime factors of 1*((2 - -3) + (12248 - 43))?
2, 3, 5, 11, 37
Suppose -829508 = -701*u + 19738533. What are the prime factors of u?
13, 37, 61
Suppose -1955 = 5*o + 7*d - 2*d, 0 = -4*o - 3*d - 1565. Let k = 670 + o. List the prime factors of k.
2, 139
Suppose -5*b + 42610 = -5*k, 767*b + 25606 = 770*b + 2*k. List the prime factors of b.
2, 5, 853
Let w(v) = 5*v + 105. Let c be w(-20). Suppose -20 = -b + c*j + 32, 0 = 2*b + 4*j - 90. List the prime factors of b.
47
Let w(j) = 131*j + 138. Let k be w(-14). Let t = k - -2394. List the prime factors of t.
2, 349
Suppose 0 = -2*b + b + 6. Let q(u) = -6*u + 40. Let f be q(b). List the prime factors of (1 + -3)/(1*f/(-358)).
179
Let f(m) = -358 + 364 + 9*m - m. Let a be f(-4). Let g = 33 + a. What are the prime factors of g?
7
Suppose 0 = -3*x + 2*m + 2344, m + 3*m + 1552 = 2*x. Let g = 1331 - x. What are the prime factors of g?
547
Let j = 9136 - 5077. What are the prime factors of j?
3, 11, 41
Suppose 2*g + 6 = 0, -s + 5*g + 293 = -1610. Suppose -10*p - 5*k = -7*p - 1116, k + s = 5*p. List